se
Is 13 a factor of 283086?
False
Is 126 a factor of 27342?
True
Is 67 a factor of 29710614?
True
Does 54 divide 2253?
False
Does 145 divide 1453190?
True
Is 8059459 a multiple of 12?
False
Is 7 a factor of 10533?
False
Is 154590 a multiple of 5?
True
Does 819 divide 463554?
True
Does 4 divide 107420?
True
Is 2 a factor of 1469?
False
Is 34 a factor of 430678?
True
Is 589 a factor of 284487?
True
Is 21 a factor of 321413?
False
Is 216752 a multiple of 62?
True
Does 32 divide 665529?
False
Is 1719 a factor of 28023138?
True
Is 724924 a multiple of 42?
False
Is 364 a factor of 231922?
False
Is 81085 a multiple of 3?
False
Is 5259620 a multiple of 7?
False
Is 7 a factor of 469893?
False
Does 44 divide 3156071?
False
Is 193 a factor of 4696462?
True
Does 17 divide 1342009?
False
Is 146366 a multiple of 3?
False
Is 2 a factor of 76407?
False
Is 204020 a multiple of 202?
True
Is 698026 a multiple of 73?
True
Is 38 a factor of 79265?
False
Is 23 a factor of 65665?
True
Is 2729314 a multiple of 274?
True
Is 376 a factor of 731320?
True
Is 15 a factor of 55140?
True
Is 19 a factor of 714058?
True
Is 6041670 a multiple of 14?
False
Does 438 divide 5167754?
False
Is 258 a factor of 623518?
False
Is 19756 a multiple of 8?
False
Is 37 a factor of 5846333?
True
Is 13485617 a multiple of 43?
True
Does 13 divide 2425696?
True
Is 23 a factor of 496640?
False
Does 17 divide 246999?
False
Is 25 a factor of 1190450?
True
Is 405 a factor of 358425?
True
Is 8 a factor of 82120?
True
Is 332263 a multiple of 84?
False
Is 194 a factor of 15108?
False
Does 66 divide 94715?
False
Is 407903 a multiple of 11?
False
Is 802080 a multiple of 1440?
True
Is 206 a factor of 2437804?
True
Is 1479187 a multiple of 22?
False
Is 493 a factor of 2768688?
True
Is 57819 a multiple of 2?
False
Does 76 divide 29132380?
False
Is 216060 a multiple of 6?
True
Is 12494304 a multiple of 12?
True
Does 158 divide 10576046?
True
Does 372 divide 332568?
True
Does 22 divide 24650?
False
Is 33660 a multiple of 99?
True
Is 37 a factor of 15737802?
True
Is 29 a factor of 3214276?
False
Is 2342844 a multiple of 108?
True
Is 1615 a multiple of 5?
True
Is 172318 a multiple of 58?
True
Is 210605 a multiple of 365?
True
Does 9 divide 18733856?
False
Is 1295308 a multiple of 14?
True
Is 14 a factor of 552842?
False
Does 14 divide 123900?
True
Does 72 divide 167962?
False
Is 47 a factor of 68902?
True
Does 43 divide 1659284?
True
Is 6 a factor of 23315?
False
Is 120 a factor of 4668787?
False
Is 223 a factor of 6899397?
True
Does 18 divide 7009428?
False
Is 761336 a multiple of 236?
True
Is 178 a factor of 69064?
True
Does 29 divide 3553529?
False
Is 184 a factor of 77618?
False
Is 118332 a multiple of 171?
True
Is 1173 a factor of 10654359?
True
Does 453 divide 4320987?
False
Does 95 divide 7438356?
False
Does 75 divide 16425?
True
Is 109228 a multiple of 83?
True
Is 211 a factor of 181460?
True
Is 101596 a multiple of 5?
False
Is 97789 a multiple of 3?
False
Is 6676646 a multiple of 9?
False
Is 20 a factor of 1416648?
False
Does 2130 divide 2982300?
False
Does 11 divide 9427?
True
Is 2349555 a multiple of 15?
True
Is 108561 a multiple of 6?
False
Is 456145 a multiple of 1537?
False
Is 4602898 a multiple of 23?
True
Does 54 divide 5941874?
False
Is 347 a factor of 489964?
True
Is 6865763 a multiple of 11?
False
Is 55651 a multiple of 551?
True
Is 104 a factor of 7577178?
False
Is 256 a factor of 186837?
False
Is 213980 a multiple of 65?
True
Is 45254 a multiple of 8?
False
Does 41 divide 120253?
True
Does 139 divide 366682?
True
Is 29001 a multiple of 7?
True
Is 12 a factor of 890556?
True
Does 1269 divide 3992274?
True
Is 205312 a multiple of 4?
True
Is 180912 a multiple of 17?
False
Does 23 divide 377311?
False
Does 26 divide 7421168?
False
Is 38 a factor of 4086216?
True
Does 88 divide 108240?
True
Does 195 divide 193050?
True
Does 288 divide 45216?
True
Is 21 a factor of 26657?
False
Does 21 divide 410592?
True
Is 59014 a multiple of 38?
True
Is 535871 a multiple of 11?
False
Is 354760 a multiple of 181?
True
Does 463 divide 1026008?
True
Is 2 a factor of 320634?
True
Is 289 a factor of 234090?
True
Does 5 divide 277325?
True
Is 5324150 a multiple of 50?
True
Does 420 divide 418740?
True
Is 7 a factor of 316272?
False
Is 1124 a factor of 2861877?
False
Does 122 divide 6954?
True
Is 283554 a multiple of 26?
False
Does 16 divide 1738544?
True
Is 125712 a multiple of 48?
True
Is 95076 a multiple of 3?
True
Does 10 divide 65540?
True
Is 3 a factor of 34731?
True
Is 179 a factor of 212473?
True
Does 692 divide 727984?
True
Is 866160 a multiple of 24?
True
Is 57 a factor of 327294?
True
Is 36 a factor of 3207506?
False
Does 17 divide 932564?
False
Is 939616 a multiple of 124?
False
Is 316589 a multiple of 86?
False
Is 3 a factor of 8875?
False
Does 21 divide 3612?
True
Is 13832 a multiple of 19?
True
Is 10967261 a multiple of 48?
False
Is 195611 a multiple of 9?
False
Does 109 divide 133557?
False
Does 110 divide 106810?
True
Is 51 a factor of 960126?
True
Does 6 divide 349116?
True
Is 5 a factor of 105494?
False
Is 3 a factor of 387545?
False
Does 13 divide 482754?
False
Is 2045334 a multiple of 616?
False
Is 130872 a multiple of 24?
True
Does 37 divide 920338?
True
Is 127762 a multiple of 503?
True
Is 1234439 a multiple of 340?
False
Is 17 a factor of 1484831?
True
Is 10 a factor of 10886790?
True
Does 1049 divide 1839946?
True
Is 109703 a multiple of 18?
False
Is 15813 even?
False
Is 169 a factor of 1040702?
True
Is 150573 a multiple of 200?
False
Is 611 a factor of 1358116?
False
Is 52 a factor of 1772613?
False
Is 137362 a multiple of 2?
True
Is 247 a factor of 4629274?
True
Is 57 a factor of 248083?
False
Is 6840106 a multiple of 59?
True
Does 46 divide 161138?
True
Is 284 a factor of 49700?
True
Does 112 divide 178263?
False
Is 44 a factor of 794552?
True
Does 22 divide 91229?
False
Is 1186080 a multiple of 48?
True
Is 646208 a multiple of 42?
False
Is 6353765 a multiple of 41?
False
Is 101 a factor of 309359?
False
Is 287560 a multiple of 35?
True
Is 12 a factor of 78542?
False
Is 27 a factor of 829947?
False
Is 11 a factor of 36227?
False
Is 246 a factor of 138891?
False
Is 73 a factor of 6035078?
False
Is 10 a factor of 3990751?
False
Is 1217278 a multiple of 83?
True
Is 1444564 a multiple of 22?
True
Is 65365 a multiple of 34?
False
Does 147 divide 5738?
False
Is 326267 a multiple of 409?
False
Does 53 divide 4028265?
True
Is 1253008 a multiple of 284?
True
Is 927118 a multiple of 256?
False
Is 16 a factor of 32398288?
True
Does 68 divide 726784?
True
Is 26 a factor of 3664405?
False
Is 451129 a multiple of 12?
False
Is 97 a factor of 672545?
False
Is 116 a factor of 193836?
True
Does 113 divide 278319?
True
Is 27135 a multiple of 15?
True
Is 8 a factor of 50895?
False
Does 17 divide 516878?
False
Is 7 a factor of 475552?
True
Is 62110 a multiple of 42?
False
Is 28035 a multiple of 105?
True
Is 595 a factor of 631295?
True
Is 83753 a multiple of 5?
False
Does 13 divide 2467283?
True
Does 9 divide 2133675?
True
Does 160 divide 875127?
False
Is 141526 a multiple of 14?
True
Is 385 a factor of 9562950?
False
Is 2755719 a multiple of 9?
True
Is 97503 a multiple of 356?
False
Does 159 divide 2120851?
False
Is 594 a factor of 4537566?
True
Is 1513 a factor of 11421637?
True
Is 312 a factor of 3705000?
True
Is 38 a factor of 7083998?
True
Is 403083 a multiple of 64?
False
Is 14 a factor of 47922?
True
Is 73 a factor of 43362?
True
Does 221 divide 993923?
False
Is 488 a factor of 908184?
False
Is 20 a factor of 2162420?
True
Is 132603 a multiple of 45?
False
Does 7 divide 10358?
False
Is 5 a factor of 3038901?
False
Is 137 a factor of 3574401?
False
Is 587 a factor of 46155?
False
Is 140 a factor of 996238?
False
Is 17230314 a multiple of 181?
False
Is 188895 a multiple of 245?
True
Is 285696 a multiple of 144?
True
Is 791898 a multiple of 62?
False
Is 456 a factor of 668040?
True
Does 5 divide 2521183?
False
Is 41 a factor of 265525?
False
Does 26 divide 25194?
True
Does 1764 divide 7423408?
False
Is 51 a factor of 272340?
True
Does 2 divide 136902?
True
Does 21 divide 8444393?
False
Is 46 a factor of 1206212?
True
Does 13 divide 2542814?
False
Is 2185973 a multiple of 8?
False
Is 27 a factor of 7